True
Is 1416 a multiple of 24?
True
Is 17 a factor of 221?
True
Is 672 a multiple of 4?
True
Is 2807 a multiple of 17?
False
Is 218 a multiple of 17?
False
Is 2620 a multiple of 131?
True
Is 165 a factor of 27720?
True
Is 17 a factor of 271?
False
Does 25 divide 600?
True
Does 21 divide 23901?
False
Is 51 a factor of 11220?
True
Is 6 a factor of 1068?
True
Is 4 a factor of 4?
True
Does 7 divide 238?
True
Is 2003 a multiple of 2?
False
Is 10 a factor of 879?
False
Is 94 a factor of 2350?
True
Does 57 divide 13152?
False
Is 13 a factor of 40001?
True
Is 10674 a multiple of 10?
False
Is 24 a factor of 41016?
True
Does 11 divide 37311?
False
Is 7 a factor of 4124?
False
Is 67 a factor of 503?
False
Is 10 a factor of 32?
False
Is 32 a factor of 48990?
False
Is 99 a factor of 48807?
True
Is 19375 a multiple of 3?
False
Does 76 divide 34884?
True
Does 28 divide 2831?
False
Does 12 divide 24828?
True
Is 16 a factor of 46031?
False
Is 86 a factor of 22704?
True
Does 11 divide 1829?
False
Is 5 a factor of 1473?
False
Does 4 divide 740?
True
Is 19 a factor of 380?
True
Does 21 divide 1722?
True
Does 12 divide 501?
False
Does 25 divide 5302?
False
Does 21 divide 8232?
True
Is 14 a factor of 966?
True
Does 41 divide 2257?
False
Does 48 divide 880?
False
Does 24 divide 576?
True
Does 2 divide 1183?
False
Is 25 a factor of 65450?
True
Does 45 divide 13432?
False
Is 5 a factor of 278?
False
Is 60102 a multiple of 106?
True
Does 20 divide 19920?
True
Is 19 a factor of 37544?
True
Is 1438 a multiple of 4?
False
Is 12 a factor of 16884?
True
Is 22 a factor of 46797?
False
Is 152 a factor of 26600?
True
Is 61 a factor of 9394?
True
Does 7 divide 313?
False
Is 80 a factor of 2303?
False
Is 11 a factor of 3425?
False
Does 2 divide 1094?
True
Does 26 divide 844?
False
Is 36 a factor of 252?
True
Is 135 a factor of 9990?
True
Does 117 divide 2574?
True
Is 109 even?
False
Is 89 a factor of 178?
True
Does 10 divide 84?
False
Is 245 a multiple of 49?
True
Is 70 a factor of 2310?
True
Does 12 divide 168?
True
Is 280 a multiple of 14?
True
Does 76 divide 456?
True
Is 44 a factor of 3347?
False
Does 23 divide 104?
False
Is 15 a factor of 602?
False
Is 6049 a multiple of 8?
False
Is 1058 a multiple of 23?
True
Is 75 a factor of 62400?
True
Is 3 a factor of 8205?
True
Does 10 divide 60210?
True
Is 37483 a multiple of 21?
False
Is 19516 a multiple of 17?
True
Does 10 divide 1780?
True
Is 1498 a multiple of 52?
False
Is 18953 a multiple of 13?
False
Is 62 a factor of 2820?
False
Is 14 a factor of 2754?
False
Is 28635 a multiple of 11?
False
Does 6 divide 7576?
False
Is 9656 a multiple of 17?
True
Does 15 divide 37763?
False
Is 25 a factor of 2175?
True
Is 30 a factor of 1694?
False
Is 267 a multiple of 13?
False
Is 10 a factor of 7020?
True
Is 32 a factor of 9536?
True
Does 112 divide 112?
True
Is 160 a multiple of 88?
False
Is 1126 a multiple of 88?
False
Is 770 a multiple of 52?
False
Does 19 divide 5013?
False
Is 1906 a multiple of 11?
False
Does 18 divide 216?
True
Is 3358 a multiple of 17?
False
Does 36 divide 4771?
False
Is 30 a factor of 600?
True
Is 10 a factor of 7873?
False
Is 35488 a multiple of 282?
False
Is 7 a factor of 20841?
False
Does 6 divide 210?
True
Does 36 divide 1260?
True
Is 16 a factor of 296?
False
Is 40 a factor of 9920?
True
Does 52 divide 2652?
True
Is 17579 a multiple of 102?
False
Is 6810 a multiple of 15?
True
Does 28 divide 16632?
True
Is 22 a factor of 375?
False
Is 135 a factor of 25639?
False
Is 3 a factor of 594?
True
Is 2317 a multiple of 55?
False
Is 6 a factor of 162?
True
Is 7 a factor of 188?
False
Is 1819 a multiple of 15?
False
Is 712 a multiple of 18?
False
Is 49 a factor of 145752?
False
Is 12 a factor of 5295?
False
Does 5 divide 355?
True
Does 14 divide 799?
False
Is 22 a factor of 1276?
True
Is 1027 a multiple of 3?
False
Is 10 a factor of 14030?
True
Is 83 a factor of 7185?
False
Is 16848 a multiple of 162?
True
Is 1533 a multiple of 21?
True
Is 7603 a multiple of 93?
False
Does 9 divide 7578?
True
Does 21 divide 252?
True
Is 9 a factor of 17235?
True
Is 68393 a multiple of 259?
False
Does 17 divide 33626?
True
Is 10 a factor of 2700?
True
Is 235 a factor of 30315?
True
Does 2 divide 30?
True
Is 10490 a multiple of 73?
False
Does 36 divide 720?
True
Is 61 a factor of 244?
True
Is 23 a factor of 69?
True
Is 1076 a multiple of 15?
False
Is 1292 a multiple of 34?
True
Is 6 a factor of 10728?
True
Does 19 divide 1521?
False
Is 343 a multiple of 12?
False
Is 19 a factor of 427?
False
Is 5076 a multiple of 9?
True
Is 3100 a multiple of 6?
False
Is 1740 a multiple of 10?
True
Is 47929 a multiple of 41?
True
Does 30 divide 3570?
True
Is 2 a factor of 9958?
True
Is 95 a factor of 1140?
True
Is 45870 a multiple of 3?
True
Is 23 a factor of 530?
False
Does 11 divide 6160?
True
Is 12 a factor of 192?
True
Is 2905 a multiple of 7?
True
Is 57 a factor of 9405?
True
Is 255 a factor of 48076?
False
Is 21 a factor of 378?
True
Is 11 a factor of 5797?
True
Is 45 a factor of 540?
True
Is 9 a factor of 801?
True
Is 12925 a multiple of 55?
True
Is 7 a factor of 352?
False
Does 94 divide 51136?
True
Is 31307 a multiple of 59?
False
Is 9 a factor of 4158?
True
Is 186 a multiple of 6?
True
Is 17540 a multiple of 10?
True
Is 10 a factor of 3130?
True
Is 401 a multiple of 2?
False
Is 16 a factor of 1408?
True
Is 26 a factor of 829?
False
Is 1698 a multiple of 14?
False
Does 267 divide 76896?
True
Is 31 a factor of 49051?
False
Does 56 divide 80808?
True
Does 9 divide 3670?
False
Is 102168 a multiple of 12?
True
Does 14 divide 1652?
True
Does 66 divide 840?
False
Does 16 divide 352?
True
Is 14 a factor of 4168?
False
Is 3231 a multiple of 147?
False
Does 185 divide 23310?
True
Is 1995 a multiple of 19?
True
Is 8 a factor of 4480?
True
Is 57 a factor of 4218?
True
Is 9 a factor of 1705?
False
Is 20 a factor of 2036?
False
Does 21 divide 15626?
False
Does 7 divide 3115?
True
Is 1563 a multiple of 11?
False
Does 13 divide 13501?
False
Is 128 a multiple of 10?
False
Does 16 divide 50?
False
Is 164 a factor of 2132?
True
Is 17 a factor of 4216?
True
Is 19 a factor of 2946?
False
Is 106 a factor of 487?
False
Is 2044 a multiple of 73?
True
Does 17 divide 8537?
False
Is 4 a factor of 2300?
True
Is 988 a multiple of 13?
True
Does 15 divide 1275?
True
Is 22 a factor of 1144?
True
Is 40 a factor of 8651?
False
Is 3728 a multiple of 4?
True
Is 28632 a multiple of 6?
True
Does 73 divide 3212?
True
Is 8400 a multiple of 42?
True
Is 11 a factor of 13933?
False
Is 6 a factor of 535?
False
Is 118 a multiple of 8?
False
Is 45 a factor of 3915?
True
Is 2860 a multiple of 52?
True
Is 2 a factor of 29?
False
Is 2726 a multiple of 47?
True
Does 37 divide 1282?
False
Is 27865 a multiple of 133?
False
Is 19 a factor of 61?
False
Does 16 divide 11792?
True
Does 7 divide 7?
True
Is 520 a multiple of 52?
True
Does 24 divide 261?
False
Is 8 a factor of 48?
True
Is 960 a multiple of 80?
True
Is 7769 a multiple of 3?
False
Is 9 a factor of 675?
True
Does 48 divide 4608?
True
Is 15 a factor of 3401?
False
Does 24 divide 496?
False
Is 48 a factor of 3161?
False
Is 14 a factor of 812?
True
Does 46 divide 341?
False
Is 4 a factor of 5580?
True
Does 103 divide 15750?
False
Is 30 a factor of 3187?
False
Is 37 a factor of 1079?
False
Is 2774 a multiple of 146?
True
Is 226 a factor of 13786?
True
Is 27 a factor of 253?
False
Is 60 a factor of 32181?
False
Is 19 a factor of 1140?
True
Is 165 a multiple of 14?
False
Does 80 divide 42130?
False
Is 11 a factor of 4268?
True
Is 23000 a multiple of 184?
True
Is 2 a factor of 21?
False
Is 19933 a multiple of 28?
False
Does 7 divide 74?
False
Is 29 a factor of 8018?
False
Does 23 divide 16239?
False
Does 99 divide 2079?
True
Does 7 divide 851?
False
Is 20 a factor of 440?
True
Does 20 divide 5320?
True
Does 60 divide 1007?
False
Does 13 divide 49232?
False
Does 4 divide 25988?
True
Is 1205 a multiple of 63?
False
Is 227 a multiple of 5?
False
Is 1115 a multiple of 21?
False
Is 664 a multiple of 8?
True
Is 233 a factor of 75387?
False
Is 13 a factor of 45?
False
Does 27 divide 20952?
True
Is 44828 a multiple of 85?
False
Is 14320 a multiple of 80?
True
Is 9582 a multiple of 2?
True
Is 299 a factor of 60697?
True
Is 3632 even?
True
Is 1566 a mul